{"id":256,"date":"2024-11-09T17:21:04","date_gmt":"2024-11-09T16:21:04","guid":{"rendered":"http:\/\/www.monsieur-antoine.fr\/?page_id=256"},"modified":"2024-11-09T17:21:05","modified_gmt":"2024-11-09T16:21:05","slug":"mentions-legales-et-cookies","status":"publish","type":"page","link":"http:\/\/www.monsieur-antoine.fr\/index.php\/mentions-legales-et-cookies\/","title":{"rendered":"Mentions l\u00e9gales et cookies"},"content":{"rendered":"\n<blockquote class=\"wp-block-quote is-layout-flow wp-block-quote-is-layout-flow\">\n<p><strong>\u00c9DITEUR \/ RESPONSABLE DE TRAITEMENT \/ RESPONSABLE DU SITE<\/strong><\/p>\n\n\n\n<p>Monsieur Antoine \/ AD Gastronomie<\/p>\n\n\n\n<p>EURL inscrite au RCS de LYON sous le n\u00b0894 498 062 00013 au capital de 1000 euros<br>Si\u00e8ge social : 12 rue de la jardini\u00e8re 69450 Saint Cyr au Mont d&rsquo;Or<\/p>\n\n\n\n<p>Nom du directeur : Antoine Durieux<br>T\u00e9l\u00e9phone : +33 7 87 76 88 35<br>Email de contact :&nbsp;<a href=\"mailto:contact.monsieur.antoine@gmail.com\">contact.monsieur.antoine@gmail.com<\/a><\/p>\n\n\n\n<p><strong>H\u00c9BERGEUR<\/strong><\/p>\n\n\n\n<p>OVH<br>SAS inscrite au RCS de LILLE M\u00e9tropole sous le n\u00b0424 761 419 00045<br>Si\u00e8ge social : 2 rue Kellermann, 59100 Roubaix<br>T\u00e9l&nbsp;: 1007<\/p>\n<\/blockquote>\n\n\n\n<blockquote class=\"wp-block-quote is-layout-flow wp-block-quote-is-layout-flow\">\n<p><strong>Donn\u00e9es Personnelles<\/strong><\/p>\n\n\n\n<p>Monsieur Antoine peut solliciter des informations personnelles pour r\u00e9pondre \u00e0 vos demandes, envoyer des newsletters, ou fournir devis et documents. Ces informations incluent vos coordonn\u00e9es (nom, adresse, e-mail, t\u00e9l\u00e9phone). Elles sont utilis\u00e9es dans le cadre du contrat ou de mesures pr\u00e9contractuelles, conserv\u00e9es trois ans apr\u00e8s la fin de la relation commerciale ou apr\u00e8s la collecte si aucune relation n\u2019est \u00e9tablie.<\/p>\n\n\n\n<p>Vous avez des droits sur ces donn\u00e9es : acc\u00e8s, rectification, suppression, limitation ou opposition au traitement, portabilit\u00e9 des donn\u00e9es. Exercez-les via :&nbsp;<a href=\"mailto:contact.monsieur.antoine@gmail.com\">contact.monsieur.antoine@gmail.com<\/a>. Vous pouvez aussi vous d\u00e9sabonner directement dans les newsletters. Pour toute r\u00e9clamation, vous pouvez vous adresser \u00e0 la CNIL.<\/p>\n\n\n\n<p><strong>Propri\u00e9t\u00e9 Intellectuelle<\/strong><\/p>\n\n\n\n<p>L\u2019ensemble du contenu de ce site (graphismes, textes, logos, ic\u00f4nes) est prot\u00e9g\u00e9 par des droits d\u2019auteur en France et \u00e0 l\u2019international.<\/p>\n\n\n\n<p><strong>Cookies<\/strong><\/p>\n\n\n\n<p>Ce site utilise des cookies pour optimiser la navigation et les services. Ils permettent de personnaliser le contenu, d\u2019offrir des fonctionnalit\u00e9s de m\u00e9dias sociaux et de mesurer le trafic. Les informations sont partag\u00e9es avec nos partenaires publicitaires et analytiques. Un bandeau de consentement vous permet d\u2019accepter ou de refuser certains cookies.<\/p>\n\n\n\n<p><em>Types de cookies :<\/em><\/p>\n\n\n\n<p>&nbsp;&nbsp;&nbsp;&nbsp;&nbsp;&nbsp;&nbsp;&nbsp;&nbsp;&nbsp;&nbsp;&nbsp;&nbsp;&nbsp;&nbsp; \u2022&nbsp;&nbsp;&nbsp;&nbsp;&nbsp;&nbsp;&nbsp;&nbsp;&nbsp;&nbsp;&nbsp;&nbsp;&nbsp;<strong>N\u00e9cessaires<\/strong>&nbsp;: essentiels pour la navigation et l\u2019acc\u00e8s aux zones s\u00e9curis\u00e9es.<\/p>\n\n\n\n<p>&nbsp;&nbsp;&nbsp;&nbsp;&nbsp;&nbsp;&nbsp;&nbsp;&nbsp;&nbsp;&nbsp;&nbsp;&nbsp;&nbsp;&nbsp; \u2022&nbsp;&nbsp;&nbsp;&nbsp;&nbsp;&nbsp;&nbsp;&nbsp;&nbsp;&nbsp;&nbsp;&nbsp;&nbsp;<strong>Pr\u00e9f\u00e9rences<\/strong>&nbsp;: enregistrent vos choix, comme la langue et r\u00e9gion.<\/p>\n\n\n\n<p>&nbsp;&nbsp;&nbsp;&nbsp;&nbsp;&nbsp;&nbsp;&nbsp;&nbsp;&nbsp;&nbsp;&nbsp;&nbsp;&nbsp;&nbsp; \u2022&nbsp;&nbsp;&nbsp;&nbsp;&nbsp;&nbsp;&nbsp;&nbsp;&nbsp;&nbsp;&nbsp;&nbsp;&nbsp;<strong>Statistiques<\/strong>&nbsp;: analysent l\u2019interaction avec le site de fa\u00e7on anonyme.<\/p>\n\n\n\n<p>&nbsp;&nbsp;&nbsp;&nbsp;&nbsp;&nbsp;&nbsp;&nbsp;&nbsp;&nbsp;&nbsp;&nbsp;&nbsp;&nbsp;&nbsp; \u2022&nbsp;&nbsp;&nbsp;&nbsp;&nbsp;&nbsp;&nbsp;&nbsp;&nbsp;&nbsp;&nbsp;&nbsp;&nbsp;<strong>Marketing<\/strong>&nbsp;: suivent l\u2019utilisateur pour des annonces cibl\u00e9es.<\/p>\n\n\n\n<p>En modifiant vos pr\u00e9f\u00e9rences, vous pouvez ajuster votre consentement depuis la D\u00e9claration relative aux cookies.<\/p>\n<\/blockquote>\n","protected":false},"excerpt":{"rendered":"<p>\u00c9DITEUR \/ RESPONSABLE DE TRAITEMENT \/ RESPONSABLE DU SITE Monsieur Antoine \/ AD Gastronomie EURL inscrite au RCS de LYON sous le n\u00b0894 498 062 00013<span class=\"excerpt-hellip\"> [\u2026]<\/span><\/p>\n","protected":false},"author":1,"featured_media":0,"parent":0,"menu_order":0,"comment_status":"closed","ping_status":"closed","template":"","meta":{"footnotes":""},"class_list":["post-256","page","type-page","status-publish","hentry"],"_links":{"self":[{"href":"http:\/\/www.monsieur-antoine.fr\/index.php\/wp-json\/wp\/v2\/pages\/256","targetHints":{"allow":["GET"]}}],"collection":[{"href":"http:\/\/www.monsieur-antoine.fr\/index.php\/wp-json\/wp\/v2\/pages"}],"about":[{"href":"http:\/\/www.monsieur-antoine.fr\/index.php\/wp-json\/wp\/v2\/types\/page"}],"author":[{"embeddable":true,"href":"http:\/\/www.monsieur-antoine.fr\/index.php\/wp-json\/wp\/v2\/users\/1"}],"replies":[{"embeddable":true,"href":"http:\/\/www.monsieur-antoine.fr\/index.php\/wp-json\/wp\/v2\/comments?post=256"}],"version-history":[{"count":1,"href":"http:\/\/www.monsieur-antoine.fr\/index.php\/wp-json\/wp\/v2\/pages\/256\/revisions"}],"predecessor-version":[{"id":257,"href":"http:\/\/www.monsieur-antoine.fr\/index.php\/wp-json\/wp\/v2\/pages\/256\/revisions\/257"}],"wp:attachment":[{"href":"http:\/\/www.monsieur-antoine.fr\/index.php\/wp-json\/wp\/v2\/media?parent=256"}],"curies":[{"name":"wp","href":"https:\/\/api.w.org\/{rel}","templated":true}]}}